te the remainder when 54 is divided by x.
16
Let o = -2 - -6. Let u = -322 + 403. What is the remainder when u is divided by (63/6)/(2/o)?
18
Suppose 0 = -5*u + p + 2262, -4*u + 456 = -3*u - 2*p. What is the remainder when u is divided by 65?
62
Suppose -3 + 0 = 3*u. Let c = 9 + u. Calculate the remainder when 21 is divided by (c/10 + -3)*-5.
10
Let w(z) = -z**3 - 6*z**2 + 4*z + 15. Let q(k) = -k**2 + 9*k + 6. What is the remainder when w(-7) is divided by q(7)?
16
Suppose -5*o = -2*o - 141. Calculate the remainder when o is divided by 780/(-234)*(-48)/10.
15
Let f(o) = o**3 - 3*o**2 - 14*o - 1. Suppose -4*j + 23 = b, b = -2 + 1. What is the remainder when 250 is divided by f(j)?
20
Suppose -4*d + 25 - 5 = w, -5*w = -5*d + 25. Suppose 3*s - 24 = -d*y, -37 = -2*s + 5*y + 4. What is the remainder when 38 is divided by s?
12
Suppose 540 = 2*s + j + 79, -s + 5*j + 258 = 0. Suppose 0 = -17*b + s + 328. What is the remainder when 60 is divided by b?
27
Let t(k) = -k**2 + 37. What is the remainder when 443 is divided by t(0)?
36
Suppose 15 = 2*p - 83. Suppose 6*i = 3*i + 78. Let h = -13 + i. Calculate the remainder when p is divided by h.
10
Suppose 4*k - 17 + 49 = 0. Calculate the remainder when 72 is divided by (-2)/4 - (4 + 332/k).
35
Let i = 308 + -208. Calculate the remainder when i is divided by 21.
16
Suppose -11*s + 27 = 3*r - 6*s, r + 3*s = 13. What is the remainder when 15 is divided by r?
3
Suppose -16*n - 40 = -20*n. Calculate the remainder when 151 is divided by (0/3 - 44)*(-5)/n.
19
Let n(w) = -w**3 + 2*w**2 - 4. Let z(q) = -q**3 - 6*q**2 + 6*q - 4. Let o be z(-7). Let f be n(o). What is the remainder when 10 + f + 40/2 is divided by 10?
7
Suppose -2*t = -6 - 4. Let u = 10 - t. Suppose -4*q = -r + 35, 4*r - r - 4*q - 73 = 0. Calculate the remainder when r is divided by u.
4
Let z = 23 - 20. Suppose -g + 32 = z*g. Suppose -u + 24 - 2 = 0. What is the remainder when u is divided by g?
6
Suppose -360*a + 200 = -350*a. What is the remainder when 38 is divided by a?
18
Let d = 179 - 108. Suppose 66*n = d*n - 60. What is the remainder when 27 is divided by n?
3
Suppose 9*k - 266 = 175. Let y = 4 - -1. Suppose h + y*i = 38, 3*h = -4*i + 52 + 7. What is the remainder when k is divided by h?
10
Suppose -161 = -3*h + 2*g, 3*h - g - 160 = -0*h. Suppose -4*j - 45 = -4*k + 27, 2*k = 3*j + 40. Calculate the remainder when h is divided by k.
11
Let b(y) = -y**3 - 16*y**2 - y + 19. Suppose -6*g + 4*g - 32 = 0. Calculate the remainder when b(g) is divided by 9.
8
Let x = 20 - -4. Suppose 2*j - 196 + 16 = -3*k, -j + 99 = -3*k. What is the remainder when j is divided by x?
21
Let p be (-3 - (-30)/12)*(1 + -1). Suppose -6*g + g + 60 = p. What is the remainder when 81 is divided by g?
9
What is the remainder when 105 is divided by (-12*(-18)/6)/2?
15
Suppose -73 = 11*j + 444. Let r = j - -70. What is the remainder when 89 is divided by r?
20
Suppose 0*c = 5*c - 100. Suppose -2*f = 4*u - 12 - 58, -2*f = -u + c. What is the remainder when u is divided by 11?
7
Let a be ((-150)/(-8))/((-4)/(-16)). Let d = a + 23. What is the remainder when d is divided by 9?
8
Suppose 83 = 5*r - 2. Suppose 4*u - 2*z - 3*z = 15, -2*u + 9 = -z. Calculate the remainder when r is divided by u.
2
Suppose 0*a + 81 = a. Calculate the remainder when a is divided by -2*(42/(-4) - 0/2).
18
Let j be -1077*(14/(-6))/7. Let r = j + -226. Calculate the remainder when r is divided by 15.
13
What is the remainder when 1454 is divided by -4 + (-584)/(-32) - (-10)/(-8)?
11
Suppose 3*f - 2*f = -a + 9, -32 = -3*a + 2*f. Let c = 37 - 22. Let m = 2 + c. What is the remainder when m is divided by a?
7
Suppose -2*h = -0*h + 50. Let p = 12 - h. Suppose -2 = 5*q - p. Calculate the remainder when q is divided by 3.
1
Let p(t) = t + 6. Let z be p(-3). Suppose 2*o - 15 - z = 0. Let f(w) = -2*w**3 + 44*w**2 - 41*w + 14. Calculate the remainder when f(21) is divided by o.
8
Calculate the remainder when 171/30*4*5 is divided by 62.
52
Let p = 1 - -10. Suppose -p - 11 = -a - m, -4*m = -5*a + 119. Calculate the remainder when a is divided by (-12 - 1)*(-2)/2.
10
Let d(h) = -h**3 + 9*h**2 - h - 38. Let p = 40 - 23. What is the remainder when d(5) is divided by p?
6
Let d(a) = -16*a**3 + 6*a**2 + 2*a - 1. What is the remainder when d(-2) is divided by 37?
36
Suppose -3*y - 19 = -172. Let g = -17479 - -17497. What is the remainder when y is divided by g?
15
Let l = 178 + -99. Let i = -11 + l. Calculate the remainder when i is divided by 14.
12
Let a(y) = -y**3 - 10*y**2 + 24*y + 20. What is the remainder when 196 is divided by a(-12)?
16
Suppose -4*v - 463 = -5*w - 3*v, 0 = 4*w - 4*v - 364. Calculate the remainder when w is divided by 26.
15
Let c = 646 + -629. What is the remainder when 338 is divided by c?
15
Suppose 3*t - 8*t + 130 = 0. Suppose 0 = 84*b - 64*b - 300. Calculate the remainder when t is divided by b.
11
Let q = 376 - 361. Calculate the remainder when 584 is divided by q.
14
Let a = -113 - -7. Let w = -94 - a. What is the remainder when 202 is divided by w?
10
Let s be (-1)/(-2)*(1 + 19). Let v = s + -10. Calculate the remainder when 1/(-2)*(-34 + v) is divided by 9.
8
Let q = -6 - -3. Let d be (6/5)/q*-25. Calculate the remainder when 37 is divided by 2/d + (-128)/(-10).
11
Suppose -12*v = -8*v - r - 51, -3*v + 3*r = -45. Calculate the remainder when 3549 is divided by v.
9
Let v be 1 - (1 + 2) - -5. Suppose -v*b = -3*h + 4*h - 302, -3*b + 4*h + 322 = 0. Suppose -20 = 2*u - b. Calculate the remainder when u is divided by 22.
19
Let o(m) = -2*m + 42. Let b be o(16). Suppose -b*w = -18*w + 240. Calculate the remainder when 55 is divided by w.
25
Let r(m) = 2*m + 26. Let d be r(-13). Suppose -f - 5*u - 8 + 42 = 0, d = 3*f - 5*u - 22. Calculate the remainder when f is divided by 8.
6
Suppose -8*a = -35 - 133. What is the remainder when 55 is divided by a?
13
What is the remainder when 392 is divided by 18*(39/(-91) - 40/(-28))?
14
Let s(r) = r + 21. Let h be s(-15). Calculate the remainder when 38 is divided by -3*(-4)/h*4.
6
What is the remainder when (-34)/425 + 99208/100 is divided by 14?
12
Let w(l) = 16*l - 4. What is the remainder when w(4) is divided by 9/(-7)*(-168)/24?
6
Let f(n) = -n**3 - 8*n**2 + 11*n + 9. Let z be f(-9). Let d = z + 32. Calculate the remainder when d is divided by 13.
10
Suppose 3*l = 5*h - 128, -3*l - 44 = -2*h - 0*h. Let a = 30 - h. Suppose -14 = a*n - 36. What is the remainder when 31 is divided by n?
9
Calculate the remainder when 52 is divided by (-2720)/(-65) - -4*(-1)/(-26).
10
Suppose 0 = 42*u - 301 - 6083. Calculate the remainder when u is divided by 13.
9
Let f(l) = l**3 - 5*l**2 + 8*l - 3. Let u(k) = -3*k - 4 + k**2 - 10 - 10*k + 2. What is the remainder when f(3) is divided by u(14)?
1
What is the remainder when 241 is divided by 9 + -19 - -10 - -82?
77
Suppose -20*h - 409 = -45*h + 391. Calculate the remainder when (-1)/((-1)/124) - -1 is divided by h.
29
Let f = 0 - 129. Suppose k - w = -1, -5*k - w + 32 - 7 = 0. What is the remainder when (-2)/(-8) + f/(-12) is divided by k?
3
Suppose -4*t + 11 = -1. What is the remainder when 9 is divided by 2 - (2/(-1))/(4 - t)?
1
Let c = -1 - -4. Suppose 15 = 4*j + c*o, -2*j = -o + 3*o - 8. Suppose 0 = -2*r - 4*y + 34, -j*y = -3 - 9. Calculate the remainder when 33 is divided by r.
6
Let g = -8 - -9. Let o be 2 + -5 - -3*g. Suppose 0*i = -2*w + 2*i + 22, 2*i = o. What is the remainder when 19 is divided by w?
8
What is the remainder when 171 is divided by (1404/(-312))/(((-2)/(-1))/(-8))?
9
Suppose 421 = 52*p - 151. What is the remainder when 5*(52/5 + -4) is divided by p?
10
Calculate the remainder when 10 is divided by ((-1)/(-2))/(150/140 - 1).
3
Suppose 7*k - 2*k = 110. Suppose 0 = -5*p + 3*u - 14 + 53, 2*p - k = -2*u. Calculate the remainder when 15 is divided by p.
6
Let s(t) = -3*t**2 - 5*t**3 - 3 + 1 + 3*t**3. Suppose 563*r + 208 = 579*r. What is the remainder when s(-3) is divided by r?
12
Let c be 0 - -1*(5 - -2). Let t(j) = -j**2 + 6. Let y be t(0). Suppose -y = -n + c. What is the remainder when 38 is divided by n?
12
Suppose 47 - 35 = 3*j. Suppose 0 = 5*l - j*z - 31, 2*z = -0 + 2. Let a = -50 + 74. What is the remainder when a is divided by l?
3
Suppose 0 = -0*s + 3*s + 60. Let n = s + 25. What is the r